{"id":12285,"date":"2025-02-15T11:19:42","date_gmt":"2025-02-15T11:19:42","guid":{"rendered":"https:\/\/kanavicecikolata.com\/?post_type=product&#038;p=12285"},"modified":"2025-02-15T11:20:04","modified_gmt":"2025-02-15T11:20:04","slug":"klasik-kanavice-yas-pasta","status":"publish","type":"product","link":"https:\/\/kanavicecikolata.com\/?product=klasik-kanavice-yas-pasta","title":{"rendered":"KLAS\u0130K KANAV\u0130\u00c7E YA\u015e PASTA"},"content":{"rendered":"<h5 style=\"text-align: center;\"><em style=\"letter-spacing: 0.15px;\"><strong>S\u00dcTL\u00dc,B\u0130TTER,BEYAZ BEL\u00c7\u0130KA \u00c7\u0130KOLATALARI VE MEVS\u0130M MEYVELER\u0130 E\u015eL\u0130\u011e\u0130NDE A\u011eIZDA ER\u0130YEN TAT.<\/strong><\/em><\/h5>\n","protected":false},"excerpt":{"rendered":"<h5 style=\"text-align: center;\"><em><strong>ORGAN\u0130K 500\u20ba\u00a0<\/strong><\/em><\/h5>\n<h5 style=\"text-align: center;\"><em style=\"letter-spacing: 0.15px;\"><strong>VEGAN 400\u20ba\u00a0<\/strong><\/em><\/h5>\n<h5 style=\"text-align: center;\"><em><strong>GLUTENS\u0130Z 350\u20ba\u00a0<\/strong><\/em><\/h5>\n","protected":false},"featured_media":12286,"comment_status":"open","ping_status":"closed","template":"","meta":[],"product_brand":[],"product_cat":[92],"product_tag":[],"class_list":{"0":"post-12285","1":"product","2":"type-product","3":"status-publish","4":"has-post-thumbnail","6":"product_cat-tatli-cesitleri","8":"first","9":"instock","10":"taxable","11":"shipping-taxable","12":"purchasable","13":"product-type-simple"},"jetpack_sharing_enabled":true,"_links":{"self":[{"href":"https:\/\/kanavicecikolata.com\/index.php?rest_route=\/wp\/v2\/product\/12285","targetHints":{"allow":["GET"]}}],"collection":[{"href":"https:\/\/kanavicecikolata.com\/index.php?rest_route=\/wp\/v2\/product"}],"about":[{"href":"https:\/\/kanavicecikolata.com\/index.php?rest_route=\/wp\/v2\/types\/product"}],"replies":[{"embeddable":true,"href":"https:\/\/kanavicecikolata.com\/index.php?rest_route=%2Fwp%2Fv2%2Fcomments&post=12285"}],"wp:featuredmedia":[{"embeddable":true,"href":"https:\/\/kanavicecikolata.com\/index.php?rest_route=\/wp\/v2\/media\/12286"}],"wp:attachment":[{"href":"https:\/\/kanavicecikolata.com\/index.php?rest_route=%2Fwp%2Fv2%2Fmedia&parent=12285"}],"wp:term":[{"taxonomy":"product_brand","embeddable":true,"href":"https:\/\/kanavicecikolata.com\/index.php?rest_route=%2Fwp%2Fv2%2Fproduct_brand&post=12285"},{"taxonomy":"product_cat","embeddable":true,"href":"https:\/\/kanavicecikolata.com\/index.php?rest_route=%2Fwp%2Fv2%2Fproduct_cat&post=12285"},{"taxonomy":"product_tag","embeddable":true,"href":"https:\/\/kanavicecikolata.com\/index.php?rest_route=%2Fwp%2Fv2%2Fproduct_tag&post=12285"}],"curies":[{"name":"wp","href":"https:\/\/api.w.org\/{rel}","templated":true}]}}