{"id":12266,"date":"2025-02-15T10:15:13","date_gmt":"2025-02-15T10:15:13","guid":{"rendered":"https:\/\/kanavicecikolata.com\/?post_type=product&#038;p=12266"},"modified":"2025-02-15T10:15:13","modified_gmt":"2025-02-15T10:15:13","slug":"kanavice-special","status":"publish","type":"product","link":"https:\/\/kanavicecikolata.com\/?product=kanavice-special","title":{"rendered":"KANAV\u0130\u00c7E SPEC\u0130AL"},"content":{"rendered":"","protected":false},"excerpt":{"rendered":"<h5 style=\"text-align: center;\"><em><strong>\u0130NC\u0130R,KURU KAYISI,YABAN MERS\u0130N\u0130,KU\u015e \u00dcZ\u00dcM\u00dc,CEV\u0130Z VE KREMANIN B\u0130RL\u0130KTEL\u0130\u011e\u0130YLE OLU\u015eAN S\u00dcTL\u00dc B\u0130R TATLIDIR. MEVS\u0130M MEYVES\u0130 VE \u00c7\u0130KOLATA E\u015eL\u0130\u011e\u0130NDE SERV\u0130S ED\u0130L\u0130R.<\/strong><\/em><\/h5>\n","protected":false},"featured_media":12268,"comment_status":"open","ping_status":"closed","template":"","meta":[],"product_brand":[],"product_cat":[92],"product_tag":[],"class_list":{"0":"post-12266","1":"product","2":"type-product","3":"status-publish","4":"has-post-thumbnail","6":"product_cat-tatli-cesitleri","8":"first","9":"instock","10":"taxable","11":"shipping-taxable","12":"purchasable","13":"product-type-simple"},"jetpack_sharing_enabled":true,"_links":{"self":[{"href":"https:\/\/kanavicecikolata.com\/index.php?rest_route=\/wp\/v2\/product\/12266","targetHints":{"allow":["GET"]}}],"collection":[{"href":"https:\/\/kanavicecikolata.com\/index.php?rest_route=\/wp\/v2\/product"}],"about":[{"href":"https:\/\/kanavicecikolata.com\/index.php?rest_route=\/wp\/v2\/types\/product"}],"replies":[{"embeddable":true,"href":"https:\/\/kanavicecikolata.com\/index.php?rest_route=%2Fwp%2Fv2%2Fcomments&post=12266"}],"wp:featuredmedia":[{"embeddable":true,"href":"https:\/\/kanavicecikolata.com\/index.php?rest_route=\/wp\/v2\/media\/12268"}],"wp:attachment":[{"href":"https:\/\/kanavicecikolata.com\/index.php?rest_route=%2Fwp%2Fv2%2Fmedia&parent=12266"}],"wp:term":[{"taxonomy":"product_brand","embeddable":true,"href":"https:\/\/kanavicecikolata.com\/index.php?rest_route=%2Fwp%2Fv2%2Fproduct_brand&post=12266"},{"taxonomy":"product_cat","embeddable":true,"href":"https:\/\/kanavicecikolata.com\/index.php?rest_route=%2Fwp%2Fv2%2Fproduct_cat&post=12266"},{"taxonomy":"product_tag","embeddable":true,"href":"https:\/\/kanavicecikolata.com\/index.php?rest_route=%2Fwp%2Fv2%2Fproduct_tag&post=12266"}],"curies":[{"name":"wp","href":"https:\/\/api.w.org\/{rel}","templated":true}]}}