{"id":12902,"date":"2025-02-24T11:09:49","date_gmt":"2025-02-24T11:09:49","guid":{"rendered":"https:\/\/kanavicecikolata.com\/?page_id=12902"},"modified":"2025-02-24T11:41:06","modified_gmt":"2025-02-24T11:41:06","slug":"mesafeli-satis-sozlesmesi","status":"publish","type":"page","link":"https:\/\/kanavicecikolata.com\/?page_id=12902","title":{"rendered":"Mesafeli Sat\u0131\u015f S\u00f6zle\u015fmesi"},"content":{"rendered":"<h3 class=\"wp-block-heading\"><strong>&#x1f4dd; MESAFEL\u0130 SATI\u015e S\u00d6ZLE\u015eMES\u0130<\/strong><\/h3><p><em>(T\u00fcketicinin Korunmas\u0131 Hakk\u0131nda Kanun ve Mesafeli S\u00f6zle\u015fmeler Y\u00f6netmeli\u011fi\u2019ne uygun olarak haz\u0131rlanm\u0131\u015ft\u0131r.)<\/em><\/p><h4 class=\"wp-block-heading\"><strong>1. TARAFLAR<\/strong><\/h4><p><strong>\u0130\u015fbu s\u00f6zle\u015fme<\/strong>, a\u015fa\u011f\u0131daki taraflar aras\u0131nda elektronik ortamda yap\u0131lm\u0131\u015ft\u0131r:<\/p><ul class=\"wp-block-list\"><li><strong>Sat\u0131c\u0131:<\/strong><br><strong>Unvan:<\/strong> Kanavi\u00e7e \u00c7ikolata<br><strong>Adres:<\/strong>  <a href=\"https:\/\/www.google.com\/maps\/dir\/\/Alt%C4%B1nda%C4%9F+Mahallesi,+Hamam%C3%B6n%C3%BC+Sk.+No:11,+06230+Alt%C4%B1nda%C4%9F%2FAnkara\/@39.9334406,32.7833334,12z\/data=!4m8!4m7!1m0!1m5!1m1!1s0x14d34e433b1e28b9:0xc5a93b7bf60802ab!2m2!1d32.8657343!2d39.9334698?entry=ttu&amp;g_ep=EgoyMDI1MDEyOS4xIKXMDSoASAFQAw%3D%3D\" target=\"_blank\" rel=\"noreferrer noopener\">Alt\u0131nda\u011f Mahallesi, Hamam\u00f6n\u00fc Sk. No:11<\/a><br><strong>Telefon:<\/strong> <a href=\"tel:+90541 332 98 48\" target=\"_blank\" rel=\"noreferrer noopener\">+90 541 332 98 48<\/a><br><strong>E-Posta:<\/strong> kanavicecikolata@gmail.com<br><strong>Vergi Dairesi &amp; No:<\/strong> 4951502031<\/li>\n\n<li><strong>Al\u0131c\u0131 (T\u00fcketici):<\/strong><br>Kanavi\u00e7e \u00c7ikolata internet sitesinden al\u0131\u015fveri\u015f yapan, ki\u015fisel bilgilerini sipari\u015f formunda beyan eden t\u00fcketici.<\/li><\/ul><hr class=\"wp-block-separator has-alpha-channel-opacity\"\/><h4 class=\"wp-block-heading\"><strong>2. KONU<\/strong><\/h4><p>\u0130\u015fbu s\u00f6zle\u015fmenin konusu, <strong><a href=\"http:\/\/www.kanavicecikolata.com\">www.kanavicecikolata.com<\/a><\/strong> \u00fczerinden elektronik ortamda sat\u0131\u015f\u0131 yap\u0131lan \u00fcr\u00fcnlerin, 6502 Say\u0131l\u0131 T\u00fcketicinin Korunmas\u0131 Hakk\u0131nda Kanun ve Mesafeli S\u00f6zle\u015fmeler Y\u00f6netmeli\u011fi h\u00fck\u00fcmlerine uygun olarak, taraflar\u0131n hak ve y\u00fck\u00fcml\u00fcl\u00fcklerini belirlemektir.<\/p><hr class=\"wp-block-separator has-alpha-channel-opacity\"\/><h4 class=\"wp-block-heading\"><strong>3. \u00dcR\u00dcN B\u0130LG\u0130LER\u0130 VE BEDEL\u0130<\/strong><\/h4><p><strong>Al\u0131c\u0131<\/strong>, Kanavi\u00e7e \u00c7ikolata internet sitesinde sipari\u015fini olu\u015ftururken sepetinde bulunan \u00fcr\u00fcnleri, adetlerini ve toplam tutar\u0131 inceleyerek onay vermektedir. <strong>Sipari\u015f \u00f6zeti ve toplam \u00f6deme tutar\u0131 a\u015fa\u011f\u0131daki gibidir:<\/strong><\/p><ul class=\"wp-block-list\"><li><strong>\u00dcr\u00fcn A\u00e7\u0131klamas\u0131:<\/strong> [\u00dcr\u00fcn \u0130smi]<\/li>\n\n<li><strong>Birim Fiyat\u0131:<\/strong> [Fiyat] \u20ba<\/li>\n\n<li><strong>Adet:<\/strong> [Adet]<\/li>\n\n<li><strong>Ara Toplam:<\/strong> [Ara Toplam] \u20ba<\/li>\n\n<li><strong>Kargo \u00dccreti:<\/strong> [Kargo \u00dccreti] \u20ba<\/li>\n\n<li><strong>Genel Toplam:<\/strong> [Toplam Tutar] \u20ba<\/li><\/ul><p><em>T\u00fcm fiyatlara KDV dahildir.<\/em><\/p><hr class=\"wp-block-separator has-alpha-channel-opacity\"\/><h4 class=\"wp-block-heading\"><strong>4. \u00d6DEME VE TESL\u0130MAT<\/strong><\/h4><ul class=\"wp-block-list\"><li><strong>\u00d6deme \u015eekli:<\/strong> Kredi Kart\u0131 \/ Havale \/ Kap\u0131da \u00d6deme<\/li>\n\n<li><strong>Teslimat Adresi:<\/strong> [Al\u0131c\u0131n\u0131n Sipari\u015fte Belirtti\u011fi Adres]<\/li>\n\n<li><strong>Teslimat S\u00fcresi:<\/strong> Sipari\u015f onayland\u0131ktan sonra <strong>[X] i\u015f g\u00fcn\u00fc<\/strong> i\u00e7inde kargoya verilir.<\/li>\n\n<li><strong>Teslimat \u015eartlar\u0131:<\/strong> \u00dcr\u00fcn, al\u0131c\u0131n\u0131n sipari\u015f s\u0131ras\u0131nda belirtti\u011fi adrese <strong>anla\u015fmal\u0131 kargo firmas\u0131<\/strong> ile g\u00f6nderilir.<\/li><\/ul><hr class=\"wp-block-separator has-alpha-channel-opacity\"\/><h4 class=\"wp-block-heading\"><strong>5. CAYMA HAKKI<\/strong><\/h4><ul class=\"wp-block-list\"><li><strong>Al\u0131c\u0131<\/strong>, \u00fcr\u00fcn kendisine ula\u015ft\u0131ktan <strong>14 g\u00fcn i\u00e7inde hi\u00e7bir gerek\u00e7e g\u00f6stermeden cayma hakk\u0131n\u0131 kullanabilir.<\/strong><\/li>\n\n<li><strong>\u0130ade edilecek \u00fcr\u00fcn<\/strong>, orijinal ambalaj\u0131nda, kullan\u0131lmam\u0131\u015f ve tekrar sat\u0131labilir durumda olmal\u0131d\u0131r.<\/li>\n\n<li><strong>Cayma hakk\u0131 kullan\u0131m\u0131 i\u00e7in<\/strong> al\u0131c\u0131, <strong>kanavicecikolata.com<\/strong> adresinde belirtilen <strong>\u0130leti\u015fim<\/strong> sekmesinden veya [E-Posta] adresine e-posta g\u00f6ndererek sat\u0131c\u0131ya bilgi vermelidir.<\/li>\n\n<li><strong>\u0130ade Kargo \u00dccreti:<\/strong> Kusurlu veya hatal\u0131 \u00fcr\u00fcnlerde sat\u0131c\u0131ya aittir, di\u011fer iade durumlar\u0131nda al\u0131c\u0131ya aittir.<\/li><\/ul><hr class=\"wp-block-separator has-alpha-channel-opacity\"\/><h4 class=\"wp-block-heading\"><strong>6. CAYMA HAKKININ GE\u00c7ERL\u0130 OLMADI\u011eI DURUMLAR<\/strong><\/h4><p>A\u015fa\u011f\u0131daki durumlarda cayma hakk\u0131 kullan\u0131lamaz:<\/p><ul class=\"wp-block-list\"><li>Al\u0131c\u0131n\u0131n istekleri do\u011frultusunda ki\u015fiye \u00f6zel olarak \u00fcretilen veya \u00f6zelle\u015ftirilen \u00fcr\u00fcnler.<\/li>\n\n<li><strong>Hijyen ve g\u0131da g\u00fcvenli\u011fi nedeniyle a\u00e7\u0131lm\u0131\u015f veya t\u00fcketilmi\u015f \u00e7ikolatalar, tatl\u0131lar ve benzeri g\u0131da \u00fcr\u00fcnleri.<\/strong><\/li>\n\n<li>\u00c7abuk bozulabilen veya son kullanma tarihi ge\u00e7en \u00fcr\u00fcnler.<\/li><\/ul><hr class=\"wp-block-separator has-alpha-channel-opacity\"\/><h4 class=\"wp-block-heading\"><strong>7. UYU\u015eMAZLIK DURUMUNDA \u00c7\u00d6Z\u00dcM<\/strong><\/h4><ul class=\"wp-block-list\"><li>Al\u0131c\u0131 ve sat\u0131c\u0131 aras\u0131nda do\u011fabilecek her t\u00fcrl\u00fc uyu\u015fmazl\u0131kta, <strong>Ticaret Bakanl\u0131\u011f\u0131 taraf\u0131ndan ilan edilen parasal s\u0131n\u0131rlara uygun olarak T\u00fcketici Hakem Heyetleri ve T\u00fcketici Mahkemeleri yetkilidir.<\/strong><\/li>\n\n<li>T\u00fcketiciler, ikamet ettikleri veya al\u0131\u015fveri\u015fi ger\u00e7ekle\u015ftirdikleri yerdeki <strong>T\u00fcketici Hakem Heyeti\u2019ne veya T\u00fcketici Mahkemesi\u2019ne ba\u015fvurabilirler.<\/strong><\/li><\/ul><hr class=\"wp-block-separator has-alpha-channel-opacity\"\/><h4 class=\"wp-block-heading\"><strong>8. S\u00d6ZLE\u015eMEN\u0130N Y\u00dcR\u00dcRL\u00dc\u011eE G\u0130RMES\u0130<\/strong><\/h4><p><strong>Al\u0131c\u0131, sipari\u015f verdi\u011finde i\u015fbu s\u00f6zle\u015fmenin t\u00fcm maddelerini kabul etmi\u015f say\u0131l\u0131r.<\/strong><br>S\u00f6zle\u015fmenin bir kopyas\u0131 <strong><a href=\"http:\/\/www.kanavicecikolata.com\">www.kanavicecikolata.com<\/a><\/strong> adresinde yay\u0131nlanmaktad\u0131r.<\/p><p>&#x1f4cc; <strong>\u0130\u015fbu s\u00f6zle\u015fme, al\u0131c\u0131 taraf\u0131ndan elektronik ortamda onayland\u0131\u011f\u0131 tarihte y\u00fcr\u00fcrl\u00fc\u011fe girer.<\/strong><\/p><p><strong>SATI\u015e YAPAN:<\/strong><br>Kanavi\u00e7e \u00c7ikolata<br>[Tarih]<\/p><p><strong>ALICI (T\u00dcKET\u0130C\u0130):<\/strong><br>[Al\u0131c\u0131n\u0131n Ad\u0131]<br>[Tarih]<\/p><p><\/p>","protected":false},"excerpt":{"rendered":"<p>&#x1f4dd; MESAFEL\u0130 SATI\u015e S\u00d6ZLE\u015eMES\u0130 (T\u00fcketicinin Korunmas\u0131 Hakk\u0131nda Kanun ve Mesafeli S\u00f6zle\u015fmeler Y\u00f6netmeli\u011fi\u2019ne uygun olarak haz\u0131rlanm\u0131\u015ft\u0131r.) 1. TARAFLAR \u0130\u015fbu s\u00f6zle\u015fme, a\u015fa\u011f\u0131daki taraflar aras\u0131nda elektronik ortamda yap\u0131lm\u0131\u015ft\u0131r: 2. KONU \u0130\u015fbu s\u00f6zle\u015fmenin konusu, www.kanavicecikolata.com \u00fczerinden elektronik ortamda sat\u0131\u015f\u0131 yap\u0131lan \u00fcr\u00fcnlerin, 6502 Say\u0131l\u0131 T\u00fcketicinin Korunmas\u0131 Hakk\u0131nda Kanun ve Mesafeli S\u00f6zle\u015fmeler Y\u00f6netmeli\u011fi h\u00fck\u00fcmlerine uygun olarak, taraflar\u0131n hak ve y\u00fck\u00fcml\u00fcl\u00fcklerini belirlemektir. [&hellip;]<\/p>\n","protected":false},"author":1,"featured_media":0,"parent":0,"menu_order":0,"comment_status":"closed","ping_status":"closed","template":"","meta":{"footnotes":""},"class_list":["post-12902","page","type-page","status-publish","hentry"],"jetpack_sharing_enabled":true,"_links":{"self":[{"href":"https:\/\/kanavicecikolata.com\/index.php?rest_route=\/wp\/v2\/pages\/12902","targetHints":{"allow":["GET"]}}],"collection":[{"href":"https:\/\/kanavicecikolata.com\/index.php?rest_route=\/wp\/v2\/pages"}],"about":[{"href":"https:\/\/kanavicecikolata.com\/index.php?rest_route=\/wp\/v2\/types\/page"}],"author":[{"embeddable":true,"href":"https:\/\/kanavicecikolata.com\/index.php?rest_route=\/wp\/v2\/users\/1"}],"replies":[{"embeddable":true,"href":"https:\/\/kanavicecikolata.com\/index.php?rest_route=%2Fwp%2Fv2%2Fcomments&post=12902"}],"version-history":[{"count":3,"href":"https:\/\/kanavicecikolata.com\/index.php?rest_route=\/wp\/v2\/pages\/12902\/revisions"}],"predecessor-version":[{"id":12930,"href":"https:\/\/kanavicecikolata.com\/index.php?rest_route=\/wp\/v2\/pages\/12902\/revisions\/12930"}],"wp:attachment":[{"href":"https:\/\/kanavicecikolata.com\/index.php?rest_route=%2Fwp%2Fv2%2Fmedia&parent=12902"}],"curies":[{"name":"wp","href":"https:\/\/api.w.org\/{rel}","templated":true}]}}